
What are the prime factors of 102590?
2, 5, 10259
List the prime factors of 672671.
233, 2887
List the prime factors of 633337.
633337
List the prime factors of 139620.
2, 3, 5, 13, 179
List the prime factors of 479074.
2, 31, 7727
List the prime factors of 2160066.
2, 3, 521, 691
List the prime factors of 610375.
5, 19, 257
List the prime factors of 608598.
2, 3, 33811
What are the prime factors of 538249?
538249
List the prime factors of 12739845.
3, 5, 29, 29287
List the prime factors of 4713431.
467, 10093
List the prime factors of 55630.
2, 5, 5563
What are the prime factors of 3737002?
2, 1868501
List the prime factors of 16328.
2, 13, 157
What are the prime factors of 815297?
7, 116471
What are the prime factors of 22091066?
2, 1801, 6133
What are the prime factors of 1182702?
2, 3, 197117
What are the prime factors of 1732157?
7, 247451
List the prime factors of 3888524.
2, 972131
List the prime factors of 15131412.
2, 3, 420317
List the prime factors of 1070192.
2, 211, 317
What are the prime factors of 20884603?
20884603
List the prime factors of 648481.
648481
What are the prime factors of 18135081?
3, 239, 8431
What are the prime factors of 8020498?
2, 17, 419, 563
What are the prime factors of 170060?
2, 5, 11, 773
What are the prime factors of 2958534?
2, 3, 164363
What are the prime factors of 1746263?
1746263
List the prime factors of 15043255.
5, 53, 56767
List the prime factors of 188340.
2, 3, 5, 43, 73
List the prime factors of 134270.
2, 5, 29, 463
What are the prime factors of 2136925?
5, 7, 12211
List the prime factors of 1405247.
1405247
List the prime factors of 324391.
324391
What are the prime factors of 9267023?
17, 419, 1301
List the prime factors of 5596205.
5, 1119241
List the prime factors of 9147307.
13, 23, 30593
What are the prime factors of 520360?
2, 5, 13009
What are the prime factors of 3854067?
3, 7, 183527
What are the prime factors of 484003?
13, 31, 1201
List the prime factors of 68519.
11, 6229
What are the prime factors of 3603985?
5, 7, 11, 23, 37
List the prime factors of 945459.
3, 19, 97
List the prime factors of 3700157.
3700157
What are the prime factors of 4394846?
2, 233, 9431
What are the prime factors of 62072?
2, 7759
What are the prime factors of 7691573?
911, 8443
List the prime factors of 431151.
3, 7, 419
List the prime factors of 109103.
109103
List the prime factors of 7806.
2, 3, 1301
What are the prime factors of 6505737?
3, 7, 309797
What are the prime factors of 975654?
2, 3, 67, 809
What are the prime factors of 183815?
5, 97, 379
List the prime factors of 3102545.
5, 97, 6397
List the prime factors of 322171.
322171
List the prime factors of 1556300.
2, 5, 79, 197
What are the prime factors of 422055?
3, 5, 83, 113
List the prime factors of 139134.
2, 3, 23189
What are the prime factors of 3196258?
2, 13, 269, 457
List the prime factors of 127123.
127123
List the prime factors of 881564.
2, 220391
List the prime factors of 608709.
3, 331, 613
What are the prime factors of 1918629?
3, 213181
What are the prime factors of 1158519?
3, 386173
List the prime factors of 363627.
3, 11, 3673
What are the prime factors of 1309214?
2, 19, 131, 263
What are the prime factors of 230019?
3, 76673
List the prime factors of 9942.
2, 3, 1657
What are the prime factors of 27752560?
2, 5, 11, 47, 61
List the prime factors of 72300.
2, 3, 5, 241
List the prime factors of 596352.
2, 3, 1553
What are the prime factors of 4263520?
2, 5, 26647
What are the prime factors of 542505?
3, 5, 59, 613
List the prime factors of 2692434.
2, 3, 163, 2753
What are the prime factors of 7680259?
7680259
List the prime factors of 666254.
2, 19, 89, 197
List the prime factors of 412172.
2, 103043
List the prime factors of 188120.
2, 5, 4703
List the prime factors of 23567684.
2, 7, 83, 10141
List the prime factors of 10501.
10501
List the prime factors of 3162413.
3162413
What are the prime factors of 2449?
31, 79
What are the prime factors of 804841?
389, 2069
List the prime factors of 1255233.
3, 7, 8539
What are the prime factors of 10687454?
2, 5343727
What are the prime factors of 23389156?
2, 7, 835327
List the prime factors of 3566509.
19, 187711
What are the prime factors of 7034220?
2, 3, 5, 39079
List the prime factors of 29672883.
3, 1051, 3137
List the prime factors of 8032622.
2, 13, 227, 1361
List the prime factors of 1563656.
2, 195457
What are the prime factors of 16997793?
3, 449, 12619
List the prime factors of 2776009.
59, 47051
What are the prime factors of 23337737?
23337737
List the prime factors of 144820.
2, 5, 13, 557
List the prime factors of 2201222.
2, 1100611
List the prime factors of 743829.
3, 247943
What are the prime factors of 465747?
3, 19, 8171
List the prime factors of 4124896.
2, 128903
List the prime factors of 983221.
41, 23981
What are the prime factors of 6239746?
2, 1223, 2551
What are the prime factors of 1063537?
17, 73, 857
List the prime factors of 138218.
2, 69109
What are the prime factors of 74736?
2, 3, 173
What are the prime factors of 2615407?
19, 137653
What are the prime factors of 3450657?
3, 7, 37, 4441
What are the prime factors of 554434?
2, 277217
List the prime factors of 892381.
7, 17, 7499
What are the prime factors of 3231418?
2, 73, 22133
List the prime factors of 749929.
73, 10273
What are the prime factors of 3131596?
2, 13, 60223
List the prime factors of 7028192.
2, 47, 4673
List the prime factors of 706015.
5, 337, 419
List the prime factors of 13694.
2, 41, 167
List the prime factors of 529745.
5, 101, 1049
List the prime factors of 4772886.
2, 3, 17, 73, 641
List the prime factors of 25188464.
2, 7, 224897
List the prime factors of 839501.
13, 64577
List the prime factors of 1783298.
2, 11, 7369
What are the prime factors of 3123440?
2, 5, 39043
List the prime factors of 193896.
2, 3, 2693
List the prime factors of 600564.
2, 3, 50047
List the prime factors of 8557078.
2, 4278539
List the prime factors of 174357.
3, 19373
List the prime factors of 3671443.
127, 28909
What are the prime factors of 741887?
37, 20051
What are the prime factors of 1582675?
5, 29, 37, 59
What are the prime factors of 7711399?
7711399
List the prime factors of 6064899.
3, 389, 5197
What are the prime factors of 300524?
2, 7, 10733
List the prime factors of 5562269.
19, 167, 1753
List the prime factors of 180010.
2, 5, 47, 383
List the prime factors of 102312.
2, 3, 7, 29
What are the prime factors of 1164900?
2, 3, 5, 11, 353
What are the prime factors of 2299499?
2299499
What are the prime factors of 1503978?
2, 3, 7, 35809
List the prime factors of 416603.
11, 313
What are the prime factors of 27319948?
2, 19, 61, 71, 83
What are the prime factors of 961538?
2, 23, 20903
What are the prime factors of 299432?
2, 7, 5347
What are the prime factors of 1102623?
3, 367541
What are the prime factors of 10373728?
2, 324179
What are the prime factors of 156283?
131, 1193
What are the prime factors of 14262126?
2, 3, 2377021
What are the prime factors of 468857?
397, 1181
What are the prime factors of 664484?
2, 283, 587
What are the prime factors of 5417623?
2039, 2657
List the prime factors of 8489782.
2, 7, 606413
What are the prime factors of 700620?
2, 3, 5, 11677
List the prime factors of 3243996.
2, 3, 7, 613
What are the prime factors of 43271?
43271
What are the prime factors of 10061229?
3, 17, 197279
What are the prime factors of 257114?
2, 11, 13, 29, 31
What are the prime factors of 432815?
5, 107, 809
List the prime factors of 3424073.
3424073
What are the prime factors of 550415?
5, 110083
What are the prime factors of 428845?
5, 199, 431
List the prime factors of 1180521.
3, 23, 1901
What are the prime factors of 4646731?
4646731
What are the prime factors of 9806498?
2, 13, 377173
List the prime factors of 3163618.
2, 71, 22279
What are the prime factors of 314025?
3, 5, 53, 79
What are the prime factors of 6765977?
6765977
List the prime factors of 396582.
2, 3, 157, 421
List the prime factors of 143515.
5, 28703
What are the prime factors of 19434405?
3, 5, 1013, 1279
What are the prime factors of 502675?
5, 20107
List the prime factors of 706097.
7, 19, 5309
What are the prime factors of 7643989?
1987, 3847
What are the prime factors of 1359428?
2